et l be ((-1)/(-2)*2)/1. Suppose 4*y - l = 3. Suppose 4*b + 7 + 0 = 3*c, -b + 4 = 5*c. What is the greatest common divisor of y and c?
1
Let i(v) = v**3 + 4*v**2 + 5*v + 4. Let p be i(-3). Let w = p - -3. Let k = 17 + -8. What is the greatest common divisor of w and k?
1
Let t be (0 - 0)/(1 - -1). Let s = t - -3. What is the greatest common factor of s and 21?
3
Let l = 14 - 6. Calculate the greatest common factor of l and 20.
4
Let l = -528 + 748. Suppose 5*j - 53 = -2*i, -4*j = -0*i - 5*i + 215. Let g = i + -19. Calculate the greatest common factor of l and g.
20
Let r = -9 - -27. Let z = r + 54. Let a be 9/(-2)*(2 - 4). What is the greatest common divisor of z and a?
9
Let g(f) = f**2 + 8*f - 25. Let r be g(-13). Calculate the highest common divisor of r and 60.
20
Let p(d) = 44*d**2 + 2*d - 2. Let t be p(1). Calculate the greatest common factor of t and 11.
11
Let w(x) = x**2 - 2*x - 3. Let z be w(3). Suppose 8 = -z*s + 2*s. What is the highest common factor of 8 and s?
4
Let w be 18*1*(-1)/(-1). Suppose 11 - 83 = -4*s. What is the highest common factor of w and s?
18
Suppose 0 = 5*n + p - 90, 5*n - 85 = -p - p. What is the greatest common divisor of 133 and n?
19
Let x(r) = r**3 - 18*r**2 + 19*r - 24. Let j be x(17). Suppose 5*w - 116 = -4*q, -8 - 20 = -w - 2*q. Calculate the highest common factor of j and w.
10
Suppose 64 - 30 = 2*l. What is the greatest common factor of l and 68?
17
Let f = 12 + -14. Let g be (-30)/f - (-1 + 3). What is the highest common factor of 143 and g?
13
Suppose -5*w - 15 = 0, -2*w - 12 + 131 = -5*c. Let b be c/(-3) + (-3)/9. Suppose 4*j = -0*j + 64. What is the greatest common divisor of j and b?
8
Suppose 8 = -2*d - 2. Let b = -2 - d. Let w be ((-2)/3)/(b/(-54)). What is the greatest common divisor of w and 60?
12
Let t be (-3)/((-63)/6) - 435/(-21). What is the greatest common divisor of 7 and t?
7
Let m(y) = 19*y - 17. Let h be m(8). What is the highest common divisor of h and 27?
27
Let b(k) = k**2 + 6*k - 3. Let o be b(4). Calculate the highest common divisor of o and 407.
37
Suppose -6*f - 18 = -15*f. What is the highest common divisor of 2 and f?
2
Let x = 11 - 1. Suppose -2*w - 36 = -u, -u + 6*u - 196 = 2*w. Calculate the greatest common factor of x and u.
10
Let x be 36*(-2)/(-4) + 4. What is the highest common divisor of 2 and x?
2
Suppose -5*j = 0, 16 = s - 2*j - 103. Let x be ((-16)/(-20))/((-2)/(-85)). Suppose 0 = 2*v - 4*v + x. What is the highest common divisor of s and v?
17
Suppose -2*d + d = 0. Let h be (-1)/(-1*(-1 - d)). Let x be (-1)/(3/57*h). Calculate the greatest common factor of 19 and x.
19
Suppose 3*t - 34 = -2*u, 5*t - t - 5*u - 76 = 0. What is the greatest common factor of t and 28?
14
Suppose 413 = -q + 3*z, -3*q - 2*z - 304 = 946. Let y be q/(-12) - 2/(-6). Calculate the highest common factor of y and 5.
5
Suppose 3*x + 6 = 6*x. Suppose -x*g + 22 + 42 = 0. Suppose 5*m = m + g. Calculate the highest common divisor of 2 and m.
2
Suppose -4*y + 0*y - 8 = 0. Let f be y + 1*(0 - -2). Suppose -n - 4 + 7 = f. Calculate the greatest common divisor of n and 3.
3
Let o = 4 + -9. Let h = 6 - 2. Let a be h*(495/(-4))/o. Calculate the highest common factor of 9 and a.
9
Let z = -1 - -5. Suppose 37 = z*w - 31. Suppose 2*c - 149 = -c + 4*d, -4*c + 205 = d. What is the greatest common factor of w and c?
17
Suppose 5*z + 4*y + 8 = 91, 3*y = -9. Suppose -2 = 4*b + 5*i, 5*b - 5*i = z + 1. Let u be 1 - ((-2)/b - 1). Calculate the highest common divisor of 3 and u.
3
Let t(l) = 3*l + 19. Let p be t(0). What is the greatest common divisor of p and 57?
19
Let t be ((-2)/4)/(1/(-48)). What is the highest common divisor of t and 16?
8
Suppose -3*z = -3 - 3, 0 = 5*w + 2*z - 114. Calculate the greatest common factor of 110 and w.
22
Let x be 1 + 0 - (1 - 88). Let k = -9 + 5. Let u be (-4)/k + 20/2. Calculate the highest common divisor of x and u.
11
Let w(r) = -r + 31. Let y be w(10). Calculate the greatest common factor of y and 189.
21
Suppose -5 + 50 = 5*d. Let q be (-42)/d - (-2)/3. Let i be 0 - (-2 - -14)*q. What is the greatest common divisor of 16 and i?
16
Let h be 119/2 + (-18)/12. Let i = h - 34. What is the greatest common factor of 96 and i?
24
Let n(h) = 4*h + 7. Let b be n(5). Calculate the greatest common divisor of b and 18.
9
Let k(n) = n**3 - 3*n**2 + n + 2. Let a be k(3). Suppose 0 = a*y - 69 - 31. What is the highest common factor of 4 and y?
4
Let x be ((-1)/(-3))/(3/252). Calculate the highest common divisor of 252 and x.
28
Let h(l) = -2*l**2 + 6*l + 4. Let m be h(-4). Let y be m/(-5)*10/4. What is the greatest common factor of y and 39?
13
Let b be ((-1638)/(-147))/((-1)/(-7)). Suppose 15 + 11 = 2*r. Calculate the greatest common factor of b and r.
13
Let l be 4 - 5*(-2)/(-5). What is the highest common factor of 14 and l?
2
Suppose 8*p = 3*b + 4*p - 90, 5*b = 2*p + 164. Let w = -34 + 85. Suppose 2*g + g - w = 0. Calculate the greatest common divisor of g and b.
17
Suppose -5*r + 3*h + 265 = 4*h, 0 = -2*h + 10. Calculate the greatest common factor of r and 26.
26
Suppose 44 - 7 = 4*q + 3*i, 0 = -5*q - 5*i + 45. Calculate the highest common factor of q and 2.
2
Let g be ((-12)/(-4) - 1)*69. Let y = g + -73. Calculate the greatest common factor of 26 and y.
13
Let d(n) = -n**2 + 11*n - 6. Let y be d(8). Suppose -p = 5*g + y, 2*p - g + 3 = -0*p. Let c be (-2)/6 - 82/p. What is the highest common divisor of c and 3?
3
Let o(q) = -6*q - 5. Let i be (6/(-2))/(5/10). Let j be o(i). What is the highest common divisor of j and 31?
31
Let x = 360 - 252. Calculate the greatest common factor of x and 12.
12
Suppose 5*z = -3*d + 37, 2*d + 8 = 3*z + 1. What is the greatest common factor of z and 5?
5
Let n be (1*-1)/((-3)/45). Let v be ((-85)/n)/((-1)/(-3)). Let d be 2 - ((-4)/(-2) + v). Calculate the greatest common factor of d and 34.
17
Suppose -l = 5*b - 153, -2*l = -3*b + 100 - 3. What is the highest common factor of 93 and b?
31
Suppose 0 = x - 6 + 2. Suppose 0 = 2*n + 4*a - 12, -7 = 4*a - 11. Calculate the highest common factor of x and n.
4
Let q(g) = g**3 + 7*g**2 - 6*g - 3. Let r = -1 - -2. Suppose 29 = -4*y + r. Let v be q(y). What is the greatest common factor of v and 26?
13
Suppose 8*f - 289 = -73. What is the highest common divisor of 135 and f?
27
Let q be 20/(-2)*8/(-16). Suppose b = 2*x + 2, 4*b - q*x + x - 12 = 0. Let a(u) = 14*u. Let j be a(2). Calculate the greatest common divisor of j and b.
4
Suppose 7*y - 2*y = 0, 0 = -4*z - 5*y + 132. Let q = 1 + -4. Let l be (2 - -1)*(q + z). What is the highest common factor of l and 36?
18
Let h = 83 - 8. Let u(g) = 4*g - 5. Let b be u(5). What is the highest common divisor of h and b?
15
Let p = 376 + -252. What is the highest common divisor of p and 31?
31
Suppose -c - 1 - 5 = 0. Let r = 17 + c. Suppose 102 - 12 = 4*z + t, 3*t = z - 16. What is the greatest common factor of r and z?
11
Let l be 2/3*(19 - -35). Let t(p) = -27*p + 1. Let w be t(-2). Suppose -3*r + 15 = 0, -4*h - w = -9*h - 2*r. Calculate the greatest common divisor of h and l.
9
Let u(t) = t**3 - 21*t**2 - 22*t + 30. Let x be u(22). Let s = -3 - -9. Let y be (s/(-9))/((-2)/x). What is the greatest common factor of y and 30?
10
Let b = 94 + -80. Calculate the highest common divisor of b and 42.
14
Let u be 13*1/(0 + 1). Let p(j) = -j**3 - 8*j**2. Let c be p(-8). Suppose c = -3*s + 7*s - 572. Calculate the highest common factor of u and s.
13
Suppose -3*i + 0 + 9 = 0. Let w be 4/(-6) - (-8)/i. Suppose -w*h + 7*h = 60. Calculate the greatest common factor of 84 and h.
12
Let y be (2 + -2 - -1) + -1. Suppose 0 = 2*j - 8 - y. Calculate the greatest common factor of j and 1.
1
Let z(b) = 14*b - 5. Let f be z(5). Let i(s) = -s**2 - s + 2. Let p be i(0). Suppose -v + 78 = p*v. What is the greatest common factor of f and v?
13
Suppose -42*v + 39*v = -75. Calculate the greatest common divisor of v and 225.
25
Suppose 0*x = -x + 5. Suppose x*j + 20 = 85. Suppose 4*t = -51 + 207. Calculate the greatest common factor of t and j.
13
Let m be ((-5)/(-3))/((-5)/(-15)). Let p(c) = -c**3 + 2*c**2 - c - 3. Let i be p(-3). Calculate the highest common divisor of m and i.
5
Let l(j) = 10*j - 26. Let q be l(8). Calculate the highest common factor of q and 54.
54
Suppose 2*k - k = 0. Sup